012121022210
What is -2316a11 (base 11) in base 9?
-7552647
Convert -3566677 (base 8) to base 9.
-1751054
-303060 (base 8) to base 13
-36609
What is 35714453 (base 8) in base 9?
15665633
Convert 33224111 (base 5) to base 11.
188383
-584474 (base 10) to base 3
-1002200202012
What is 56101 (base 14) in base 2?
110010111101100101
-83c17 (base 13) to base 9
-401244
-5343502 (base 6) to base 11
-16a348
What is -272352 (base 8) in base 13?
-345b7
What is -3100033122 (base 4) in base 12?
-351736
What is -66339 (base 11) in base 2?
-10111011111101101
Convert -3e9e4 (base 15) to base 3.
-101020012221
-2267036 (base 9) to base 8
-4531412
What is 430144342 (base 5) in base 3?
10101121101101
Convert 4625403 (base 8) to base 6.
42531415
Convert 1123200221 (base 4) to base 9.
631142
Convert -3510205 (base 6) to base 8.
-537775
What is 1166c2 (base 16) in base 7?
12456556
Convert 113426 (base 12) to base 6.
5522450
What is 30471076 (base 8) in base 9?
13123147
Convert 161309 (base 13) to base 10.
545372
63329 (base 10) to base 6
1205105
What is 1301590 (base 10) in base 4?
10331301112
Convert -154ff (base 16) to base 9.
-142664
10472246 (base 9) to base 6
300333110
Convert 8710a6 (base 15) to base 8.
30424212
What is -13757b (base 13) in base 12?
-1a9a9a
Convert -122102201202112 (base 3) to base 4.
-203112010013
20322515 (base 6) to base 11
370645
What is -110100110110000001100 (base 2) in base 5?
-420402341
What is -248131 (base 10) in base 7?
-2052262
-525251255 (base 6) to base 11
-5223339
What is -51133243 (base 6) in base 4?
-11210020323
Convert -100102222212 (base 3) to base 13.
-667c4
11112860 (base 9) to base 7
63514326
312003030 (base 4) to base 6
4424540
-1222102313 (base 4) to base 13
-123230
Convert 340112323 (base 5) to base 12.
5b9467
20210011001110 (base 3) to base 4
31300013100
10515177 (base 8) to base 12
914453
Convert -17ac751 (base 13) to base 11.
-4406540
Convert -947ec (base 15) to base 11.
-2a18a1
138274 (base 12) to base 10
325240
-110000011101011101011001 (base 2) to base 14
-1989825
Convert 10010011100001111 (base 2) to base 10.
75535
What is -101413051 (base 6) in base 13?
-497a49
333264 (base 9) to base 12
97371
Convert -32032212 (base 4) to base 7.
-331623
Convert -11211022 (base 5) to base 8.
-304632
-277702 (base 11) to base 12
-18b717
-88c13 (base 15) to base 10
-434718
112650502 (base 7) to base 6
404402304
f39779 (base 16) to base 11
9014010
1713833 (base 10) to base 12
6a7975
What is -1120233203 (base 4) in base 16?
-58be3
Convert -122020100012 (base 3) to base 14.
-8b8ad
1ab55 (base 15) to base 13
3074c
9c42a (base 13) to base 9
472664
What is 7412531 (base 10) in base 5?
3344200111
Convert -6529371 (base 10) to base 4.
-120322011123
-5212540 (base 6) to base 2
-111101001110001100
Convert 11151435 (base 6) to base 8.
1232357
122210000002022 (base 3) to base 9
18700068
Convert 178b4 (base 14) to base 4.
32133112
4314540 (base 8) to base 3
2011121010122
-248679 (base 12) to base 7
-5026554
11c394 (base 13) to base 14
b17b0
What is 300311 (base 4) in base 3?
11021202
Convert c22932 (base 13) to base 7.
53256513
What is -1886466 (base 9) in base 5?
-232423304
What is 1434294 (base 10) in base 8?
5361266
Convert 2047762 (base 8) to base 2.
10000100111111110010
What is -110011000111000101 (base 2) in base 8?
-630705
What is 12122021221011 (base 3) in base 15?
3e329d
What is -22402434 (base 5) in base 12?
-97b55
What is -14143514 (base 6) in base 11?
-2a899a
What is 297571 (base 10) in base 13?
a55a1
5734a3 (base 11) to base 12
37bb78
What is -1022214 (base 8) in base 9?
-453376
-166845 (base 9) to base 14
-299d4
8a449 (base 11) to base 15
28c1a
-17871 (base 15) to base 14
-1da7a
Convert -2742560 (base 8) to base 11.
-48765a
What is -2310022320 (base 4) in base 12?
-2b70a0
2a375a5 (base 12) to base 3
121001122102022
What is 10032022 (base 5) in base 13?
2a6c0
Convert -5592022 (base 10) to base 3.
-101112002210221
What is -60744 (base 10) in base 4?
-32311020
What is 2002656 (base 8) in base 16?
805ae
Convert 7b830 (base 14) to base 6.
10240054
Convert -164076 (base 11) to base 10.
-254304
Convert 5c441 (base 16) to base 6.
12033345
520304 (base 8) to base 5
21002403
Convert -19ab9 (base 14) to base 10.
-65235
Convert 672a (base 15) to base 9.
32884
Convert 102355124 (base 7) to base 16.
5c88b3
423110522 (base 6) to base 8
34252762
Convert -1985aa8 (base 11) to base 3.
-20022000000210
Convert -878a7 (base 11) to base 5.
-13040110
-54100000 (base 6) to base 5
-402002310
What is -3d77cc (base 14) in base 6?
-113421544
Convert 2575309 (base 10) to base 11.
14a9960
What is a08441 (base 11) in base 9?
3041474
629005 (base 13) to base 11
1334584
11065311 (base 7) to base 2
11101001110000011100
Convert 47456443 (base 8) to base 3.
201112021200001
2d4e70 (base 15) to base 2
1000010111100011011110
What is -2225661 (base 7) in base 2?
-1000011010100110110
What is 3873c (base 16) in base 11?
1487a8
-10102011010 (base 3) to base 10
-67179
Convert 2625415 (base 9) to base 8.
5361251
213362 (base 9) to base 4
133002221
Convert -183655 (base 9) to base 8.
-337124
-14134024 (base 6) to base 16
-74f80
What is -110300010 (base 4) in base 5?
-10204441
Convert 12331300122 (base 4) to base 7.
21343041
Convert 4164011 (base 7) to base 6.
14441325
Convert -323343434 (base 5) to base 15.
-1c6114
Convert 182422 (base 9) to base 13.
3c785
What is -580084 (base 11) in base 5?
-214004400
What is 12633676 (base 8) in base 5?
1211113233
What is 346a677 (base 11) in base 16?
5c7b35
What is -21424056 (base 7) in base 12?
-747916
Convert -2320110033 (base 4) to base 2.
-10111000010100001111
What is -2bcdb (base 14) in base 2?
-11010101111111001
What is 84cbb (base 13) in base 15?
4ae3d
142a85 (base 13) to base 2
1111000000011010010
6a125 (base 11) to base 8
305670
Convert 171621 (base 11) to base 16.
40d92
What is -1225a17 (base 11) in base 14?
-3d6780
What is 2b1350 (base 12) in base 8?
2615654
-14210434 (base 6) to base 14
-c8330
What is -1337076 (base 9) in base 3?
-1101021002120
What is 1177430 (base 8) in base 2?
1001111111100011000
13401233020 (base 5) to base 9
35342828
-231859 (base 15) to base 10
-1675884
1208235 (base 10) to base 3
2021101101110
24500b (base 12) to base 10
589259
1586a2b (base 12) to base 10
4407875
Convert 4d0529 (base 15) to base 8.
16064225
Convert -1707a0 (base 11) to base 6.
-5400303
What is 222200333 (base 4) in base 12?
8493b
Convert -c8c559 (base 14) to base 15.
-8e35d8
What is 2012100001 (base 3) in base 15?
cc3a
Convert 5630506 (base 7) to base 14.
141bad
-51489 (base 13) to base 9
-241880
-173287 (base 10) to base 2
-101010010011100111
What is -4226d (base 14) in base 9?
-262878
-15a8c (base 15) to base 6
-1255310
-202212022202102 (base 3) to base 11
-6293570
-86336 (base 10) to base 3
-11101102122
-386352 (base 10) to base 9
-647870
What is -40160 (base 12) in base 8?
-242330
69b037 (base 16) to base 14
cc42a3
Convert -512210 (base 7) to base 9.
-142578
-15244613 (base 7) to base 8
-5435052
1200120011102 (base 3) to base 4
3122330111
What is 111220013 (base 4) in base 6?
1522035
Convert 2342230 (base 8) to base 16.
9c498
36d5e (base 15) to base 10
175139
19d6c5 (base 14) to base 6
31421553
Convert -15104606 (base 8) to base 12.
-11a0632
Convert 1011100011001110000 (base 2) to base 15.
77220
-10422a (base 15) to base 5
-144221430
-1cb12 (base 15) to base 14
-2618d
Convert -302212020201 (base 4) to base 11.
-7539a90
Convert 12450434 (base 6) to base 9.
685704
1132022120 (base 4) to base 13
106724
Convert -3998807 (base 12) to base 16.
-adef87
Convert -42692 (base 11) to base 10.
-62053
Convert -1143211021 (base 5) to base 4.
-22111221320
41178e (base 15) to base 11
1822a79
What is -2f90bf (base 16) in base 13?
-851b33
Convert 375584 (base 10) to base 6.
12014452
-220110222010 (base 3) to base 10
-481845
-2d285 (base 14) to base 10
-113013
177300 (base 8) to base 9
108412
Convert -11012001202221 (base 3) to base 13.
-5cbc63
What is -3506421 (base 8) in base 10?
-953617
Convert -1386cb5 (base 14) to base 9.
-18732406
Convert -20110102121021 (base 3) to base 14.
-6552ba
-1104142100 (base 5) to base 15
-329aa0
What is -3267544 (base 8) in base 11?
-551580
Convert 5502124 (base 6) to base 14.
71508
Convert -77626 (base 10) to 